isor of 1170 and 450.
90
What is the greatest common factor of 2080 and 1440?
160
What is the highest common factor of 79486 and 11?
11
What is the greatest common divisor of 8 and 92?
4
Calculate the highest common divisor of 375 and 35.
5
What is the highest common factor of 323 and 19?
19
What is the highest common divisor of 259 and 2183?
37
What is the greatest common factor of 63 and 5121?
9
What is the highest common divisor of 598 and 26?
26
Calculate the highest common divisor of 264 and 444.
12
What is the highest common factor of 2 and 431?
1
What is the highest common factor of 2 and 54?
2
Calculate the greatest common factor of 9812 and 44.
44
Calculate the greatest common divisor of 2304 and 18.
18
Calculate the greatest common divisor of 98 and 2.
2
Calculate the highest common divisor of 280 and 826.
14
Calculate the highest common divisor of 22 and 165.
11
What is the highest common factor of 24 and 276?
12
What is the greatest common factor of 24 and 984?
24
Calculate the greatest common divisor of 22724 and 78.
26
What is the greatest common divisor of 8760 and 240?
120
Calculate the greatest common factor of 1162 and 14.
14
What is the greatest common divisor of 84 and 24?
12
What is the highest common factor of 101 and 14948?
101
What is the greatest common divisor of 312 and 273?
39
Calculate the highest common factor of 1040 and 4940.
260
What is the highest common divisor of 833 and 85?
17
Calculate the highest common divisor of 156 and 774.
6
What is the greatest common divisor of 48 and 5064?
24
Calculate the highest common divisor of 208 and 5200.
208
Calculate the highest common divisor of 232 and 12180.
116
Calculate the highest common divisor of 2144 and 32.
32
Calculate the highest common divisor of 24 and 48.
24
What is the greatest common divisor of 385 and 462?
77
Calculate the highest common divisor of 2223 and 19.
19
What is the greatest common divisor of 66 and 42922?
22
Calculate the highest common factor of 121 and 1573.
121
What is the highest common divisor of 98 and 56?
14
Calculate the highest common factor of 495 and 405.
45
Calculate the highest common factor of 27 and 603.
9
Calculate the greatest common factor of 58 and 21866.
58
What is the greatest common divisor of 60 and 515?
5
Calculate the highest common factor of 396 and 117.
9
What is the highest common factor of 20 and 9020?
20
What is the greatest common factor of 615 and 15?
15
Calculate the greatest common factor of 642 and 1177.
107
What is the greatest common factor of 5476 and 148?
148
Calculate the highest common divisor of 76 and 266.
38
What is the greatest common factor of 102 and 51?
51
What is the highest common factor of 215 and 190?
5
Calculate the greatest common factor of 4830 and 560.
70
What is the highest common divisor of 43 and 43?
43
Calculate the greatest common factor of 8 and 472.
8
Calculate the highest common factor of 217 and 21.
7
What is the highest common divisor of 19097 and 113?
113
Calculate the highest common divisor of 84 and 70.
14
Calculate the highest common factor of 18 and 222.
6
What is the highest common factor of 2403 and 27?
27
Calculate the highest common factor of 23420 and 20.
20
What is the greatest common divisor of 54 and 216?
54
Calculate the highest common divisor of 615 and 984.
123
What is the greatest common divisor of 286 and 546?
26
Calculate the greatest common divisor of 150 and 225.
75
Calculate the highest common divisor of 1026 and 144.
18
Calculate the greatest common factor of 909 and 27.
9
Calculate the greatest common divisor of 528 and 594.
66
Calculate the highest common factor of 3150 and 252.
126
Calculate the greatest common divisor of 176 and 132.
44
What is the greatest common divisor of 13 and 689?
13
What is the highest common divisor of 120 and 16?
8
Calculate the greatest common factor of 1886 and 23.
23
Calculate the highest common divisor of 6851 and 34.
17
What is the highest common factor of 46 and 2921?
23
What is the highest common factor of 10 and 10?
10
What is the greatest common divisor of 14719 and 41?
41
Calculate the greatest common factor of 588 and 156.
12
Calculate the greatest common divisor of 1632 and 561.
51
What is the highest common divisor of 2373 and 226?
113
What is the greatest common divisor of 26 and 5798?
26
Calculate the highest common divisor of 74 and 26122.
74
Calculate the greatest common divisor of 68 and 196.
4
Calculate the highest common divisor of 299 and 23.
23
What is the highest common factor of 4536 and 56?
56
Calculate the greatest common divisor of 43710 and 60.
30
What is the greatest common divisor of 2121 and 21?
21
Calculate the greatest common divisor of 182 and 98.
14
Calculate the greatest common divisor of 2275 and 55.
5
What is the highest common divisor of 2 and 2517?
1
Calculate the greatest common divisor of 22 and 2794.
22
Calculate the highest common divisor of 6 and 1653.
3
What is the greatest common divisor of 2983 and 38?
19
What is the greatest common divisor of 4805 and 15?
5
What is the greatest common factor of 1890 and 10?
10
Calculate the highest common factor of 18 and 36.
18
What is the highest common factor of 3973 and 58?
29
Calculate the greatest common divisor of 297 and 44.
11
Calculate the greatest common factor of 20 and 8.
4
What is the highest common divisor of 11 and 44?
11
What is the highest common divisor of 6 and 42?
6
What is the greatest common divisor of 57 and 513?
57
What is the greatest common divisor of 9 and 81?
9
What is the highest common factor of 240 and 32?
16
Calculate the highest common divisor of 20 and 740.
20
What is the highest common divisor of 2720 and 731?
17
What is the greatest common divisor of 896 and 1664?
128
What is the highest common divisor of 324 and 3078?
162
What is the greatest common factor of 10572 and 8?
4
What is the greatest common factor of 8 and 712?
8
What is the highest common factor of 46 and 1196?
46
What is the highest common factor of 34 and 4?
2
What is the highest common divisor of 1111 and 11?
11
What is the greatest common factor of 36 and 468?
36
What is the greatest common factor of 2304 and 144?
144
What is the greatest common divisor of 16 and 9056?
16
Calculate the greatest common factor of 1748 and 138.
46
What is the greatest common divisor of 728 and 273?
91
Calculate the highest common factor of 6 and 5682.
6
Calculate the greatest common factor of 98 and 84.
14
Calculate the greatest common factor of 219 and 1752.
219
Calculate the greatest common factor of 31 and 992.
31
Calculate the greatest common divisor of 64 and 3104.
32
What is the highest common divisor of 136 and 153?
17
Calculate the highest common factor of 97 and 19.
1
Calculate the highest common factor of 95 and 76.
19
Calculate the highest common divisor of 85 and 357.
17
Calculate the greatest common factor of 621 and 23.
23
Calculate the greatest common divisor of 7480 and 80.
40
What is the highest common divisor of 3920 and 80?
80
Calculate the highest common factor of 1666 and 136.
34
What is the greatest common divisor of 776 and 224?
8
Calculate the greatest common divisor of 28 and 84.
28
What is the greatest common divisor of 37 and 28?
1
Calculate the greatest common factor of 1078 and 1960.
98
What is the highest common factor of 21 and 1470?
21
What is the highest common factor of 104 and 1664?
104
What is the greatest common factor of 132 and 154?
22
Calculate the highest common divisor of 30 and 6635.
5
Calculate the greatest common divisor of 1078 and 44.
22
Calculate the greatest common factor of 221 and 13.
13
What is the highest common divisor of 32 and 864?
32
What is the greatest common divisor of 1405 and 5?
5
Calculate the highest common divisor of 50 and 6550.
50
Calculate the greatest common factor of 77 and 1452.
11
Calculate the greatest common divisor of 1760 and 11.
11
What is the greatest common divisor of 702 and 26?
26
Calculate the highest common divisor of 98 and 1498.
14
What is the greatest common divisor of 28 and 126?
14
What is the highest common factor of 98 and 182?
14
What is the greatest common divisor of 66 and 726?
66
What is the highest common factor of 44 and 121?
11
What is the highest common factor o